prime factors of (-86 - 8)*(3 + -46)?
2, 43, 47
Let w(g) = -10792*g - 1996. List the prime factors of w(-5).
2, 11, 1181
Let x = -6168 - -6179. What are the prime factors of x?
11
Let m be -51*6/9*(-10)/4. Let o = m - 188. Let k = 215 + o. What are the prime factors of k?
2, 7
Let n = -229 - -3470. What are the prime factors of n?
7, 463
Suppose 37*o = -10*o + 132258. Suppose 4*g = 670 + o. List the prime factors of g.
13, 67
Let t = -7850 + 14142. List the prime factors of t.
2, 11, 13
Let g be (-18)/(-14) - 28/98. Let x be (1 - 1/2)/(g/14). Suppose -d = -x*d + 1092. List the prime factors of d.
2, 7, 13
Let h(u) = 121*u**2 + 2*u - 3. Let f(g) = -g**2 - 17*g + 22. Let o be f(-22). Let z = o - -89. What are the prime factors of h(z)?
2, 3, 5
Let d(a) = 2*a**2 - 9*a - 7. Let m be d(5). Let o be ((-338)/(-65))/(m/(-5)). Suppose -20 = o*y - 15*y. What are the prime factors of y?
2, 5
Suppose -198 = -a - 10*a. Suppose 0 = 21*q - a*q - 12. Suppose -290 = -q*y - y. List the prime factors of y.
2, 29
Let j = 111 + -26. List the prime factors of (-2)/17 - (-5535)/j - -4.
3, 23
Let m = -405 - -1143. Suppose -9*s + 1422 + m = 0. List the prime factors of s.
2, 3, 5
Let y(x) = 8*x + 23. Let o(n) be the second derivative of 4*n**3/3 + 12*n**2 + 12*n. Let v(q) = 4*o(q) - 3*y(q). List the prime factors of v(8).
7, 13
Let r(y) be the third derivative of y**6/120 + 7*y**5/60 - y**4/8 - 5*y**3/2 + 8*y**2. Let n be r(-7). What are the prime factors of (-2)/n + (-710)/(-15)?
47
Let q = 531 - -142. Let w = q - 198. What are the prime factors of w?
5, 19
Let s(r) = -r**2 + 8*r - 10. Suppose 8*b - 42 = b. Let y be s(b). Suppose 3*z - 7*q + y*q = 736, 2*q = z - 247. List the prime factors of z.
3, 79
Suppose 2*r + 156 = -11*r. Let b be r/8*(-308)/6. Suppose 131 + b = 8*q. List the prime factors of q.
2, 13
List the prime factors of -8 + (4 - 2632)*68/(-16).
11161
Let h(g) = -10*g - 316. Let j be h(-42). Let y(z) = -4*z + 2. Let v be y(-2). Let l = v + j. List the prime factors of l.
2, 3, 19
Let a(y) = 26*y**2 - 38*y - 34. What are the prime factors of a(9)?
2, 5, 173
Let a(x) = 4017*x - 384. List the prime factors of a(3).
3, 3889
Let j(h) = 28*h**2 + 96*h + 110. What are the prime factors of j(15)?
2, 5, 157
Let a(p) = -3*p**2 - p + 12. Let s be a(-4). Let t = s + 34. Suppose 2*y = t*b + 178, -5*y - 4*b = -43 - 438. What are the prime factors of y?
3, 31
Let g be (3 - 51/15) + 666/15. Suppose 49*x - g*x - 700 = 0. List the prime factors of x.
2, 5, 7
Let h be 4/26 + 579/39 - -3. Let q(j) = j**2 - 10*j - 24. What are the prime factors of q(h)?
2, 3, 5
Let r(u) = 12*u**3 - 5*u**2 - 10*u + 68. List the prime factors of r(9).
53, 157
Let l = 1393 + -1661. Let z = 41 + -25. List the prime factors of 1/((z/(-4))/l).
67
Suppose 0 = 3*c + 2*l - 18236, 5*l - 10569 - 7652 = -3*c. What are the prime factors of c?
2, 3041
Let l be 64/48 + (-4)/3. Suppose l*k + s + 4 = k, 5*s = 3*k - 14. Suppose 5*m + 5 = 0, 0 = -v - k*m + 4*m + 32. What are the prime factors of v?
31
Let x(u) = -2*u**2 - 14*u + 20. Let s be x(-9). Let k be 6/3 - s/4. What are the prime factors of 1/k*2 - 806/(-3)?
269
List the prime factors of -2330*(2314/(-52) + 20).
5, 7, 233
Let v(r) = r**3 + 24*r**2 - 31*r + 534. List the prime factors of v(-24).
2, 3, 71
Let h = -339 - -372. Suppose -29*c = -h*c + 1412. List the prime factors of c.
353
Suppose 48 = 2*m + 2*v, m + 2*v - 24 = -3*v. Let h(z) = -4*z**3 - z**2 + 2. Let x be h(2). Let k = m - x. List the prime factors of k.
2, 29
Suppose 5*l + 2*x = 57555, -40*x = -5*l - 38*x + 57575. List the prime factors of l.
29, 397
Let p(v) = 5*v + 17. Let a be p(-4). Let o = a - -2. What are the prime factors of (119 + o)/(30/45)?
3, 59
Let z = 44 - 20. Suppose 2*o = z*o - 11242. What are the prime factors of o?
7, 73
Let o be (-498)/8 - (-9)/(-12). List the prime factors of o/(-7) - 10 - (-1 - 261).
3, 29
Let p(t) = -2*t - 11. Let u = 13 + -20. Let y be p(u). Suppose 3*g - 80 = -2*g + 5*b, 4*g - 29 = -y*b. What are the prime factors of g?
11
Suppose 49 = -14*y - 147. Let q = 235 - 378. Let h = y - q. List the prime factors of h.
3, 43
Let j(l) = 3*l**3 - 5*l**2 - 28*l - 17. Let k be 14/((-48)/(-8) - 4). List the prime factors of j(k).
571
Let s = 5578 - 2570. Suppose -25*n + s = -9*n. What are the prime factors of n?
2, 47
Suppose -5035 = -45*s + 4190. Suppose 2*z + 3*z - s = -3*k, 0 = 2*z + k - 81. List the prime factors of z.
2, 19
Let j = 12 - 57. List the prime factors of (1*3)/(j/(-6705)).
3, 149
Let p(c) = 2*c**3 - 11*c**2 + c + 8. Let l be p(5). Let j(h) = -25*h - 86. What are the prime factors of j(l)?
2, 107
Suppose 16382 + 16088 + 1736 = 2*o. What are the prime factors of o?
3, 5701
Suppose -5*v = -5*i - 10, -4*i + 6*i - 5 = -v. Let x be -1 - i/(-4)*0. Let a(b) = 96*b**2 - b. List the prime factors of a(x).
97
Let f be (65 - 60) + (-1 - (1 + 1)). Suppose -3*l + 518 = f*j, 15*j - 19*j + l = -1050. What are the prime factors of j?
2, 131
Let p be (6*1)/(6/344). Suppose -20*n = 7*n - 135. Suppose n*g - 91 = p. List the prime factors of g.
3, 29
Suppose -9823 = -u - 4*k, -22*u + 19625 = -20*u + k. What are the prime factors of u?
9811
Suppose -5*b - 50 = -15*b. Let h be (((-45)/12)/b)/(6/(-16)). Suppose -h*n - 2*k = -480, 3*k = 2*n - 4*n + 484. What are the prime factors of n?
2, 59
Let c(m) = -m**3 - 3*m**2 - 4*m - 5. Let h be c(-3). Suppose 0 = -5*z - 2*t - 10, 4*t + 1 + h = -4*z. List the prime factors of (-444)/(12/(-3)) - (-4 - z).
113
Let c = -1435 + 7868. What are the prime factors of c?
7, 919
What are the prime factors of (518/35 + -2)/((-9)/(-53055)*9)?
2, 131
Suppose 29951 = 3*q + 5*b, 90*b - 91*b = 3*q - 29947. List the prime factors of q.
2, 7, 23, 31
Suppose 183*n + 30072 = 190*n. List the prime factors of n.
2, 3, 179
Let i = 265 - 170. Suppose 2*m - 197 = i. What are the prime factors of m?
2, 73
Let m = -10743 - -24193. List the prime factors of m.
2, 5, 269
Let m = -1 + 7. Suppose 4*u + 2*o = m*u, 0 = -u - 3*o. Suppose 3 + 12 = a - 4*d, -3*a - 3*d = u. What are the prime factors of a?
3
Suppose -3*a + 3*g = 0, -5*g + 0 = 5*a - 30. List the prime factors of (-2 + a)/((-1)/(-577)).
577
Let y(z) = 2*z**3 - 8*z**2 + 223*z - 2361. What are the prime factors of y(11)?
2, 19, 47
List the prime factors of (4/(-6))/((-80)/360) - -33717.
2, 3, 5, 281
Let t be 16/(-6)*(-3)/2. Suppose 4 - t = -12*m. Suppose 0*g + 2*g - p - 13 = m, 4*g - 30 = -2*p. What are the prime factors of g?
7
Let s(k) = -8*k - 46. Let t be s(-12). Suppose i - 6*i - 85 = 0. Let m = i + t. What are the prime factors of m?
3, 11
Let c(s) be the third derivative of s**6/6 + s**4/24 - s**3/2 - 31*s**2. List the prime factors of c(2).
3, 53
Let f = 2713 - -898. List the prime factors of f.
23, 157
Suppose -2*q + 118 = 5*a + 28, 4*a - 72 = -4*q. Let s(l) = 26*l + 108. What are the prime factors of s(a)?
2, 3
Suppose 0 = 4*f - 176 - 316. Suppose 0 = 117*o - f*o + 1614. What are the prime factors of o?
269
Let v be 64/(-31) + 114/1767. What are the prime factors of -32*(v - (-55)/(-2))?
2, 59
Suppose 0 = 3*s - 26 - 37. Let h = -17 + s. Suppose h*w + 4*v = 124, v = 3 - 0. List the prime factors of w.
2, 7
Let p be (-8)/3*6/(-4). Suppose 5*o = -p*s + 3980, 0*s + s = 0. List the prime factors of o.
2, 199
What are the prime factors of 15499 - ((-77)/28 + (-7)/28)?
2, 23, 337
Suppose 2*u - 5*d + 1 = -26, 0 = u + 2*d - 9. Let g be (-3 - (-13)/5)/(u/40). Let v = g + 37. List the prime factors of v.
53
Let c = -156 + 32. Let k = 155 - c. Suppose k - 13 = 3*n - 4*b, -b + 271 = 3*n. List the prime factors of n.
2, 3, 5
Let a = -2968 + 4969. What are the prime factors of a?
3, 23, 29
Suppose 0 = q + 5*f - 2, 7*q + f + 30 = 3*q. Let k(n) = n**3 + 10*n**2 - 3*n - 7. What are the prime factors of k(q)?
5, 29
Suppose 4*b - 120735 = r, -10*b + 12*b - 60360 = 2*r. What are the prime factors of b?
5, 6037
List the prime factors of 22745*((-54)/(-30))/9.
4549
Let s(b) = -b**2 + 7*b + 13. Let d be s(8). Suppose -271 = -5*a + g + 3*g, a - 31 = -d*g. Let z = 94 - a. What are the prime factors of z?
43
Suppose -26 = -5*a - 16. Let o(s) = 44*s**3 + s**2 - 3*s + 3. What are the prime factors of o(a)?
353
Suppose 31*s - 8 = 27*s. What are the prime factors of 519 - 1 - (2 + (-2)/s)?
11, 47
Let o be 1/((6 - 1)/10)